 -7*t(y) + 3*z(y). Calculate a(f).
1
Let x(z) be the second derivative of 1/3*z**3 + 0 - 3/2*z**2 - 1/12*z**4 - 13*z - 1/20*z**5. Calculate x(2).
-11
Let y(w) = 4*w - 6. Let s(g) = -5*g - 1. Let l(m) = -m**3 - 11*m**2 - 1. Let k be l(-11). Let x be s(k). Calculate y(x).
10
Let v(l) = -37*l + 48*l + 4 - 10*l - l**2 - 16. Give v(0).
-12
Let b = -71 - -89. Suppose b*h = 15*h + 18. Let u(s) = s - 6. What is u(h)?
0
Let r = -73 - -69. Let q(h) = h + 8. Calculate q(r).
4
Let c(x) = x + 6. Let y(f) = 6*f + 29. Let z(n) = -11*c(n) + 2*y(n). Determine z(6).
-2
Let u be (-2)/(-3)*3/(-2). Let n = -3 - u. Let t(z) = -2*z**3 - 4*z**2 - 3*z - 1. Give t(n).
5
Let d(j) be the second derivative of j**4/12 + j**3 + j**2 + 4319*j. Suppose 0 = 2*u - 4*x + 16 - 0, -3*u + 5*x = 23. Determine d(u).
2
Suppose -4 = 2*y - 100. Let d = 12 + y. Let m be (d/(-9))/4*-3. Let f(o) = -o**3 + 4*o**2 + 3*o + 3. Give f(m).
-7
Let y(v) be the third derivative of v**5/60 + v**4/8 + 5*v**3/6 - 105*v**2. What is y(-2)?
3
Let i(y) = -6*y + 15*y**2 - 22*y**2 + 8*y**2 + 3. Suppose 18 = 48*g - 222. Determine i(g).
-2
Let g(x) be the second derivative of -x**8/6720 - x**7/840 + x**6/180 - x**5/24 + 3*x**4/2 - 43*x. Let j(h) be the third derivative of g(h). What is j(-4)?
-5
Let o(m) be the third derivative of m**6/360 + m**5/20 - m**4/3 + 14*m**3/3 + 10*m**2. Let h(q) be the first derivative of o(q). What is h(-9)?
19
Let x(w) = -6*w**2 + 4*w + 4. Let j(c) = -6*c**2 + 4*c + 4. Let v(p) = 6*j(p) - 7*x(p). What is v(3)?
38
Suppose l - 6 - 3 = 0. Suppose 0*c + 27 = -l*c. Let v(j) = j**2 + 3*j - 3. Give v(c).
-3
Let g(h) = 59*h + 3 - 21*h - 20*h - 22*h. What is g(3)?
-9
Let c(x) be the first derivative of 7*x**3/3 - 5*x**2/2 - 6*x - 1. Let l = 31 + -36. Let i(o) = -6*o**2 + 4*o + 5. Let u(b) = l*c(b) - 6*i(b). Calculate u(3).
12
Let p(a) be the third derivative of a**4/6 + a**3/3 + 2*a**2. Let l(g) = -11*g - 128. Let b be l(-12). Give p(b).
18
Suppose t + 5*t = 24. Suppose -5*b - 20 = -5*o, 2*b + o + t*o = 27. Let p(r) = 15*r**2 - 1. What is p(b)?
14
Let y be 0 - 2 - -11 - 0. Let p(h) = -48*h**2 - y*h + h**3 + 23*h**2 + 5 + 19*h**2. Suppose -3 = -5*o + 32. Determine p(o).
-9
Let z(f) = 2. Let c(a) = -a + 3. Let g(i) = -3*c(i) + 7*z(i). What is g(-4)?
-7
Let x be (-6)/3*(-2)/12. Let i(j) be the first derivative of -x*j**3 - 3/2*j**4 + 0*j + 0*j**2 + 3. Give i(-1).
5
Let f(g) be the second derivative of -g**4/6 - g**3/6 + g**2 + 437*g. What is f(1)?
-1
Let a = -10 + 13. Let b(v) = -a - 78*v + 34*v + 31*v. Let m(c) = -14*c - 3. Let w(u) = -4*b(u) + 3*m(u). What is w(-2)?
-17
Let l(n) = -n + 4. Let v(k) = -17*k**3 + 3*k + 1. Let s be v(-1). Suppose -s - 15 = 5*x - 4*d, x - 5*d = -6. Determine l(x).
10
Let m(x) = -x**2 - 8*x - 15. Suppose 7*h = 6*h + 41. Let o(v) = 23 - h + 19. Let t(i) = -m(i) - 6*o(i). Calculate t(-6).
-3
Suppose -4*q - 19 - 5 = 0. Let t = 36 + -36. Let w(d) = -d + t*d - 7 + 0*d. Calculate w(q).
-1
Let y(k) = -2*k**2 + 2*k - 1. Let w(z) = 4*z**3 + 10*z**2 - 11*z + 6. Let b(c) = -w(c) - 6*y(c). Determine b(1).
-3
Let y(t) = -t**3 + 9*t**2 + 10*t + 3. Let f be y(10). Let v(w) = 2 - 4*w + 3*w - w**3 + 0*w - 2*w + 3*w**2. What is v(f)?
-7
Let y(s) be the second derivative of -s**3 - s**2/2 - 6*s + 1. Determine y(-1).
5
Suppose -3*j + 24*j + 84 = 0. Let n(y) = -6*y - 2. What is n(j)?
22
Let r(v) = v**3 + 27*v**2 - v - 36. Let l be r(-27). Let y(z) = -z**3 - 8*z**2 + 13*z + 5. Calculate y(l).
-31
Let o(j) be the third derivative of j**6/120 - j**5/20 - j**4/2 + j**3/6 - 5*j**2 + 12. What is o(5)?
-9
Suppose -7*q + 2 = 2*j, -2 = -4*j + 2*q + 2. Let k(m) = -7*m + 2. What is k(j)?
-5
Let g(c) = 3*c**3 - c**2 - 2. Let t(n) = -4*n**3 + n**2 + 1. Let d(o) = 2*g(o) + 3*t(o). Let i = 185 + -186. What is d(i)?
6
Suppose 0 = 5*v + 6*v - 33. Let b(p) = -18 + 27 - 8 - 2*p. Calculate b(v).
-5
Let t(z) be the first derivative of z**2 + 2*z - 1251. Suppose 2 - 12 = 5*n. Determine t(n).
-2
Let o(c) = c + 27. Suppose 21*s + 14*s = 36*s. Calculate o(s).
27
Suppose -2*u = 13 + 3. Let l(w) = -w - 1. Let k(s) = -s**2 - 7*s - 7. Let r(p) = k(p) + 2*l(p). Let m be r(u). Let v(z) = 6*z. Calculate v(m).
-6
Let t(r) be the second derivative of r**5/60 + r**4/3 - 5*r**3/6 + 15*r**2/2 - 13*r. Let k(q) be the first derivative of t(q). Give k(-8).
-5
Let h be (9/36)/(1/28). Suppose 3*m - 6*m = a - h, 5*a - 4*m = -22. Let t(p) = 3*p**3 + 3*p**2. Calculate t(a).
-12
Suppose 3*c - 96 = -3*w, 8*c - 5*c = -2*w + 97. Let z(t) = -34 + 0*t + t + c + 2*t**2 + t**3. Give z(-2).
-3
Let d = -1 - -3. Let h(k) = -k**3 - 5 + 3*k + 4*k**d - 3*k. Let i be (0/1)/(-3 - -4) - -4. Calculate h(i).
-5
Let w(u) = 2*u + 6. Let b(t) = 17*t - 11*t - t**3 + 9*t - 9 - 4 + 5*t**2. Let h be b(7). Determine w(h).
-6
Let x(l) = 4 - 2 + 1 - 2 + 2*l. Determine x(5).
11
Let c(q) = q**3 - 5*q**2 - 8*q + 5. Suppose -45 = -2*r - f, -f - f = 2*r - 46. Suppose 0 = n - d - 3*d - r, -2*n + 20 = -2*d. Determine c(n).
-7
Let y(p) be the third derivative of -p**4/24 - 8*p**2. Let a be y(-2). Let h(r) = -4 - 2 - 2*r + a. Determine h(-4).
4
Let o = 60 - 58. Let j(x) = 2*x - 2. Let k be j(o). Let h(g) = -g**3 + g**2 + 3*g - 2. What is h(k)?
0
Let l(r) = r**2 + 3*r - 2. Let g(q) = -2*q**2 - 5*q + 4. Let i(p) = 4*g(p) + 7*l(p). Let o(a) = -a**2 + 11*a + 24. Let t be o(13). What is i(t)?
-4
Suppose -4*j + 36 = 4. Let o be 4/j*-4 - -5. Let s(b) = 3 - 2*b**2 + 6 - 5 + 3*b. What is s(o)?
-5
Let s = -22 + 18. Let z(h) be the third derivative of -h**5/60 - 5*h**4/24 + h**3/6 - 164*h**2. Determine z(s).
5
Let f(q) = -3*q**3 - 3*q**2 - 2*q - 1. Let b(c) = -c**2 - 13*c - 39. Let x be b(-6). Suppose -x*s = -s + 4. Determine f(s).
15
Let b(j) = -2*j**2 + 42*j - 74. Let n be b(19). Let q(p) be the second derivative of -2*p**n + 1/6*p**3 + 0 - p + 1/12*p**4. What is q(-3)?
2
Let f(a) be the first derivative of -a**3/6 + 3*a**2 + 2*a + 17. Let z(m) be the first derivative of f(m). Give z(6).
0
Let i(c) = 3*c**2 - 7*c - 4. Let u be i(-3). Suppose -5*a = -14 + u. Let z(q) = 11*q - 16. Let x(t) = 5*t - 8. Let m(r) = 13*x(r) - 6*z(r). Give m(a).
-2
Suppose 4*y + 4 = 16. Let g(k) be the second derivative of -3/2*k**2 + 1/2*k**3 + 14*k + 0 - 1/6*k**4. Determine g(y).
-12
Let c(z) = -z**3 - z**2 - z + 2. Let k(w) = 3*w**3 - 3*w**2 - 4*w - 17. Let n(q) = -4*c(q) - k(q). Determine n(-6).
-3
Let o(c) be the third derivative of -5/24*c**4 - 1/6*c**3 + 0 + 0*c - 1/10*c**5 - 1/120*c**6 + 3*c**2. Suppose 0 = l + 2 + 3. Determine o(l).
-1
Let x(p) = -p**2 - p. Let m(f) = 3*f**2 - f - 9. Let z(g) = m(g) + 4*x(g). Let h = -39 - -33. Calculate z(h).
-15
Let q(p) = -p**2 - 17*p + 6. Let n(y) = y**2 + 22*y + 40. Let r be n(-3). Give q(r).
6
Let a(y) be the third derivative of -5*y**4/6 + y**3/3 - y**2. Let x be a(1). Let n be (27/x)/(2/(-4)). Let s(i) = i + 3. Determine s(n).
6
Let t(x) be the first derivative of -x**4/4 - x**3/3 - x**2 + 10*x - 514. What is t(0)?
10
Let t(y) = -2*y - 9. Let m be t(-6). Let j(p) = 3*p**2 - 6*p + 7. Let u(r) = -5*r**2 + 10*r - 13. Let a(z) = 7*j(z) + 4*u(z). Calculate a(m).
0
Let h = 70 + -60. Let c be 7/(140/(-48)) - (-4)/h. Let b(t) = -t - 2. Calculate b(c).
0
Let u(r) = -7*r**2 + 6*r. Let f(j) = -9*j**2 + 8*j. Let k(h) = -3*f(h) + 4*u(h). What is k(2)?
-4
Let f(p) be the second derivative of -p**4/12 + p**3/2 + p**2/2 - 22*p. Let c be (-1)/2*(-6)/1. Determine f(c).
1
Suppose 0 = 2*c - 6*r + 2*r - 6, 4*c + r = 3. Let l(g) = 1 + g**3 + 4*g**2 + c + g**2 + 0*g**3 + g. Let a be ((-5)/2)/((-1)/(-2)). Give l(a).
-3
Let v = 52 + -51. Suppose -5*m + 5 = 0, a + 4*m + v = 9. Let s(y) = -y - 3. Determine s(a).
-7
Let g(m) = 131*m + 0*m**2 + 3*m**2 - 133*m. Suppose 4*o - 5*w = 28, 2*w + 4 = -o - 2. What is g(o)?
8
Let u(b) = -b**3 - 12*b**2 + 12*b - 10. Let f(h) = h**3 - 10*h**2 - 25*h - 1. Let a be f(12). What is u(a)?
3
Let t(w) = -3*w**2 + 20*w + 12. Let a(y) = y**2 - 5*y - 3. Suppose 3*v - 4*x = -6 + 4, 0 = 5*v + 2*x - 14. Let s(u) = v*t(u) + 9*a(u). Give s(4).
25
Let z(t) = -3*t + 24. Let w(o) = o - 13. Let j(g) = -11*w(g) - 6*z(g). Give j(-2).
-15
Let k(f) = -4*f + 15. Let a be 2/(-6) - (12 + 350/(-15)). What is k(a)?
-29
Let z(d) = d**2 + 6*d + 5. Let h be z(-4). Let r(n) be the first derivative of -5/3*n**3 - 3/2*n**2 - 1/4*n**4 - 1 + 3*n. Give r(h).
-6
Let s(